{"id":13492,"date":"2021-02-19T10:26:02","date_gmt":"2021-02-19T09:26:02","guid":{"rendered":"https:\/\/www.villadisotto.it\/project\/val-delsa-und-san-gimignano\/"},"modified":"2021-02-19T10:26:10","modified_gmt":"2021-02-19T09:26:10","slug":"val-delsa-und-san-gimignano","status":"publish","type":"project","link":"https:\/\/www.villadisotto.it\/de\/project\/val-delsa-und-san-gimignano\/","title":{"rendered":"Val d'Elsa und San Gimignano"},"content":{"rendered":"<p>[et_pb_section fb_built=\"1\" custom_padding_last_edited=\"on|phone\" _builder_version=\"4.7.4\" background_image=\"https:\/\/www.villadisotto.it\/wp-content\/uploads\/2020\/12\/elsa-ultima.jpg\" custom_padding=\"306px|0px|306px|0px|true|false\" custom_padding_tablet=\"\" custom_padding_phone=\"150px||150px||true\"][\/et_pb_section][et_pb_section fb_built=\"1\" _builder_version=\"3.22.3\" custom_padding=\"25px|0px|44px|0px|false|false\"][et_pb_row _builder_version=\"3.25\" background_size=\"initial\" background_position=\"top_left\" background_repeat=\"repeat\" custom_margin=\"-1px|auto||auto||\" custom_padding=\"||11px|||\"][et_pb_column type=\"4_4\" _builder_version=\"3.25\" custom_padding=\"|||\" custom_padding__hover=\"|||\"][et_pb_text _builder_version=\"4.7.4\" header_font=\"Petit Formal Script|700|||||||\" header_font_size=\"40px\" header_line_height=\"1.4em\" header_2_font=\"Petit Formal Script|700|||||||\" header_2_font_size=\"30px\" custom_margin=\"||9px|||\" custom_padding=\"18px||0px|||\"]<\/p>\n<h2 style=\"text-align: center\">Val d'Elsa und San Gimignano<\/h2>\n<h2 style=\"text-align: center\"><\/h2>\n<p>[\/et_pb_text][et_pb_text _builder_version=\"4.7.4\" text_font=\"||||||||\" text_font_size=\"16px\" text_line_height=\"2em\" header_font=\"Petit Formal Script|700|||||||\" header_font_size=\"35px\" header_line_height=\"1.5em\" header_2_font=\"Petit Formal Script|700|||||||\" header_3_font=\"||||||||\" header_4_font=\"||||||||\" header_4_text_align=\"left\" header_4_text_color=\"#000000\" header_4_font_size=\"19px\" header_4_line_height=\"1.7em\" background_size=\"initial\" background_position=\"top_left\" background_repeat=\"repeat\" custom_margin=\"||2px|||\" header_font_size_tablet=\"\" header_font_size_phone=\"25px\" header_font_size_last_edited=\"on|phone\"]<\/p>\n<p style=\"text-align: center\">In der folgenden Reiseroute finden Sie alles, was Sie \u00fcber Val d'Elsa und San Gimignano wissen m\u00fcssen. Von Villa di Sotto aus gelangen Sie auf die Hauptstra\u00dfe, biegen links ab, nach 3 km wieder links nach San Felice, weiter nach Castello di Bossi. An der ersten Kreuzung biegen Sie rechts ab und an der zweiten Kreuzung biegen Sie links ab. Nach ca. 8 km nehmen Sie die Superstrada nach Siena in Richtung Florenz und fahren bei Monteriggioni ab. <\/p>\n<p>[\/et_pb_text][\/et_pb_column][\/et_pb_row][\/et_pb_section][et_pb_section fb_built=\"1\" _builder_version=\"3.29.3\" background_color=\"#f7f7f7\" min_height=\"1416px\" custom_padding=\"40px||0px||false|false\"][et_pb_row use_custom_gutter=\"on\" gutter_width=\"2\" _builder_version=\"3.29.3\" max_width=\"1150px\" width__hover_enabled=\"on|desktop\"][et_pb_column type=\"4_4\" _builder_version=\"3.29.3\"][et_pb_blog fullwidth=\"off\" posts_number=\"20\" include_categories=\"83\" use_manual_excerpt=\"off\" excerpt_length=\"0\" show_author=\"off\" show_date=\"off\" show_categories=\"off\" show_excerpt=\"off\" show_pagination=\"off\" use_overlay=\"on\" hover_overlay_color=\"rgba(51,51,51,0.64)\" _builder_version=\"4.8.2\" header_font=\"|600|on||||||\" header_text_align=\"center\" header_font_size=\"18px\" custom_padding=\"||||false|false\" hover_enabled=\"0\" sticky_enabled=\"0\"][\/et_pb_blog][\/et_pb_column][\/et_pb_row][\/et_pb_section]<\/p>\n","protected":false},"excerpt":{"rendered":"<p>Val d'Elsa und San Gimignano In der folgenden Reiseroute finden Sie alles, was Sie \u00fcber Val d'Elsa und San Gimignano wissen m\u00fcssen. Von Villa di Sotto aus gelangen Sie auf die Hauptstra\u00dfe, biegen links ab, nach 3 km wieder links nach San Felice, weiter nach Castello di Bossi. An der ersten Kreuzung biegen Sie rechts [&hellip;]<\/p>\n","protected":false},"author":3,"featured_media":11481,"comment_status":"closed","ping_status":"closed","template":"","meta":{"_et_pb_use_builder":"on","_et_pb_old_content":"","_et_gb_content_width":"","footnotes":""},"project_category":[82],"project_tag":[],"class_list":["post-13492","project","type-project","status-publish","has-post-thumbnail","hentry","project_category-reiserouten-val-delsa-und-san-gimignano"],"yoast_head":"<!-- This site is optimized with the Yoast SEO plugin v27.4 - https:\/\/yoast.com\/product\/yoast-seo-wordpress\/ -->\n<title>Val d&#039;Elsa und San Gimignano - Bed and Breakfast Villa di Sotto<\/title>\n<meta name=\"description\" content=\"Val d&#039;Elsa und San Gimignano | In der folgenden Reiseroute finden Sie alles, was Sie \u00fcber Val d&#039;Elsa und San Gimignano wissen m\u00fcssen...\" \/>\n<meta name=\"robots\" content=\"index, follow, max-snippet:-1, max-image-preview:large, max-video-preview:-1\" \/>\n<link rel=\"canonical\" href=\"https:\/\/www.villadisotto.it\/de\/project\/val-delsa-und-san-gimignano\/\" \/>\n<meta property=\"og:locale\" content=\"de_DE\" \/>\n<meta property=\"og:type\" content=\"article\" \/>\n<meta property=\"og:title\" content=\"Val d&#039;Elsa und San Gimignano - Bed and Breakfast Villa di Sotto\" \/>\n<meta property=\"og:description\" content=\"Val d&#039;Elsa und San Gimignano | In der folgenden Reiseroute finden Sie alles, was Sie \u00fcber Val d&#039;Elsa und San Gimignano wissen m\u00fcssen...\" \/>\n<meta property=\"og:url\" content=\"https:\/\/www.villadisotto.it\/de\/project\/val-delsa-und-san-gimignano\/\" \/>\n<meta property=\"og:site_name\" content=\"Villa di Sotto\" \/>\n<meta property=\"article:modified_time\" content=\"2021-02-19T09:26:10+00:00\" \/>\n<meta property=\"og:image\" content=\"https:\/\/www.villadisotto.it\/wp-content\/uploads\/2020\/12\/elsa-ultima.jpg\" \/>\n\t<meta property=\"og:image:width\" content=\"1280\" \/>\n\t<meta property=\"og:image:height\" content=\"746\" \/>\n\t<meta property=\"og:image:type\" content=\"image\/jpeg\" \/>\n<meta name=\"twitter:card\" content=\"summary_large_image\" \/>\n<meta name=\"twitter:label1\" content=\"Gesch\u00e4tzte Lesezeit\" \/>\n\t<meta name=\"twitter:data1\" content=\"2\u00a0Minuten\" \/>\n<script type=\"application\/ld+json\" class=\"yoast-schema-graph\">{\"@context\":\"https:\\\/\\\/schema.org\",\"@graph\":[{\"@type\":\"WebPage\",\"@id\":\"https:\\\/\\\/www.villadisotto.it\\\/de\\\/project\\\/val-delsa-und-san-gimignano\\\/\",\"url\":\"https:\\\/\\\/www.villadisotto.it\\\/de\\\/project\\\/val-delsa-und-san-gimignano\\\/\",\"name\":\"Val d'Elsa und San Gimignano - Bed and Breakfast Villa di Sotto\",\"isPartOf\":{\"@id\":\"https:\\\/\\\/www.villadisotto.it\\\/#website\"},\"primaryImageOfPage\":{\"@id\":\"https:\\\/\\\/www.villadisotto.it\\\/de\\\/project\\\/val-delsa-und-san-gimignano\\\/#primaryimage\"},\"image\":{\"@id\":\"https:\\\/\\\/www.villadisotto.it\\\/de\\\/project\\\/val-delsa-und-san-gimignano\\\/#primaryimage\"},\"thumbnailUrl\":\"https:\\\/\\\/www.villadisotto.it\\\/wp-content\\\/uploads\\\/2020\\\/12\\\/elsa-ultima.jpg\",\"datePublished\":\"2021-02-19T09:26:02+00:00\",\"dateModified\":\"2021-02-19T09:26:10+00:00\",\"description\":\"Val d'Elsa und San Gimignano | In der folgenden Reiseroute finden Sie alles, was Sie \u00fcber Val d'Elsa und San Gimignano wissen m\u00fcssen...\",\"breadcrumb\":{\"@id\":\"https:\\\/\\\/www.villadisotto.it\\\/de\\\/project\\\/val-delsa-und-san-gimignano\\\/#breadcrumb\"},\"inLanguage\":\"de\",\"potentialAction\":[{\"@type\":\"ReadAction\",\"target\":[\"https:\\\/\\\/www.villadisotto.it\\\/de\\\/project\\\/val-delsa-und-san-gimignano\\\/\"]}]},{\"@type\":\"ImageObject\",\"inLanguage\":\"de\",\"@id\":\"https:\\\/\\\/www.villadisotto.it\\\/de\\\/project\\\/val-delsa-und-san-gimignano\\\/#primaryimage\",\"url\":\"https:\\\/\\\/www.villadisotto.it\\\/wp-content\\\/uploads\\\/2020\\\/12\\\/elsa-ultima.jpg\",\"contentUrl\":\"https:\\\/\\\/www.villadisotto.it\\\/wp-content\\\/uploads\\\/2020\\\/12\\\/elsa-ultima.jpg\",\"width\":1280,\"height\":746,\"caption\":\"Val d'Elsa und San Gimignano - Villa di Sotto\"},{\"@type\":\"BreadcrumbList\",\"@id\":\"https:\\\/\\\/www.villadisotto.it\\\/de\\\/project\\\/val-delsa-und-san-gimignano\\\/#breadcrumb\",\"itemListElement\":[{\"@type\":\"ListItem\",\"position\":1,\"name\":\"Home\",\"item\":\"https:\\\/\\\/www.villadisotto.it\\\/\"},{\"@type\":\"ListItem\",\"position\":2,\"name\":\"Projects\",\"item\":\"https:\\\/\\\/www.villadisotto.it\\\/en\\\/project\\\/\"},{\"@type\":\"ListItem\",\"position\":3,\"name\":\"Val d'Elsa und San Gimignano\"}]},{\"@type\":\"WebSite\",\"@id\":\"https:\\\/\\\/www.villadisotto.it\\\/#website\",\"url\":\"https:\\\/\\\/www.villadisotto.it\\\/\",\"name\":\"Villa di Sotto\",\"description\":\"Il cuore del Chianti\",\"potentialAction\":[{\"@type\":\"SearchAction\",\"target\":{\"@type\":\"EntryPoint\",\"urlTemplate\":\"https:\\\/\\\/www.villadisotto.it\\\/?s={search_term_string}\"},\"query-input\":{\"@type\":\"PropertyValueSpecification\",\"valueRequired\":true,\"valueName\":\"search_term_string\"}}],\"inLanguage\":\"de\"}]}<\/script>\n<!-- \/ Yoast SEO plugin. -->","yoast_head_json":{"title":"Val d'Elsa und San Gimignano - Bed and Breakfast Villa di Sotto","description":"Val d'Elsa und San Gimignano | In der folgenden Reiseroute finden Sie alles, was Sie \u00fcber Val d'Elsa und San Gimignano wissen m\u00fcssen...","robots":{"index":"index","follow":"follow","max-snippet":"max-snippet:-1","max-image-preview":"max-image-preview:large","max-video-preview":"max-video-preview:-1"},"canonical":"https:\/\/www.villadisotto.it\/de\/project\/val-delsa-und-san-gimignano\/","og_locale":"de_DE","og_type":"article","og_title":"Val d'Elsa und San Gimignano - Bed and Breakfast Villa di Sotto","og_description":"Val d'Elsa und San Gimignano | In der folgenden Reiseroute finden Sie alles, was Sie \u00fcber Val d'Elsa und San Gimignano wissen m\u00fcssen...","og_url":"https:\/\/www.villadisotto.it\/de\/project\/val-delsa-und-san-gimignano\/","og_site_name":"Villa di Sotto","article_modified_time":"2021-02-19T09:26:10+00:00","og_image":[{"width":1280,"height":746,"url":"https:\/\/www.villadisotto.it\/wp-content\/uploads\/2020\/12\/elsa-ultima.jpg","type":"image\/jpeg"}],"twitter_card":"summary_large_image","twitter_misc":{"Gesch\u00e4tzte Lesezeit":"2\u00a0Minuten"},"schema":{"@context":"https:\/\/schema.org","@graph":[{"@type":"WebPage","@id":"https:\/\/www.villadisotto.it\/de\/project\/val-delsa-und-san-gimignano\/","url":"https:\/\/www.villadisotto.it\/de\/project\/val-delsa-und-san-gimignano\/","name":"Val d'Elsa und San Gimignano - Bed and Breakfast Villa di Sotto","isPartOf":{"@id":"https:\/\/www.villadisotto.it\/#website"},"primaryImageOfPage":{"@id":"https:\/\/www.villadisotto.it\/de\/project\/val-delsa-und-san-gimignano\/#primaryimage"},"image":{"@id":"https:\/\/www.villadisotto.it\/de\/project\/val-delsa-und-san-gimignano\/#primaryimage"},"thumbnailUrl":"https:\/\/www.villadisotto.it\/wp-content\/uploads\/2020\/12\/elsa-ultima.jpg","datePublished":"2021-02-19T09:26:02+00:00","dateModified":"2021-02-19T09:26:10+00:00","description":"Val d'Elsa und San Gimignano | In der folgenden Reiseroute finden Sie alles, was Sie \u00fcber Val d'Elsa und San Gimignano wissen m\u00fcssen...","breadcrumb":{"@id":"https:\/\/www.villadisotto.it\/de\/project\/val-delsa-und-san-gimignano\/#breadcrumb"},"inLanguage":"de","potentialAction":[{"@type":"ReadAction","target":["https:\/\/www.villadisotto.it\/de\/project\/val-delsa-und-san-gimignano\/"]}]},{"@type":"ImageObject","inLanguage":"de","@id":"https:\/\/www.villadisotto.it\/de\/project\/val-delsa-und-san-gimignano\/#primaryimage","url":"https:\/\/www.villadisotto.it\/wp-content\/uploads\/2020\/12\/elsa-ultima.jpg","contentUrl":"https:\/\/www.villadisotto.it\/wp-content\/uploads\/2020\/12\/elsa-ultima.jpg","width":1280,"height":746,"caption":"Val d'Elsa und San Gimignano - Villa di Sotto"},{"@type":"BreadcrumbList","@id":"https:\/\/www.villadisotto.it\/de\/project\/val-delsa-und-san-gimignano\/#breadcrumb","itemListElement":[{"@type":"ListItem","position":1,"name":"Home","item":"https:\/\/www.villadisotto.it\/"},{"@type":"ListItem","position":2,"name":"Projects","item":"https:\/\/www.villadisotto.it\/en\/project\/"},{"@type":"ListItem","position":3,"name":"Val d'Elsa und San Gimignano"}]},{"@type":"WebSite","@id":"https:\/\/www.villadisotto.it\/#website","url":"https:\/\/www.villadisotto.it\/","name":"Villa di Sotto","description":"Il cuore del Chianti","potentialAction":[{"@type":"SearchAction","target":{"@type":"EntryPoint","urlTemplate":"https:\/\/www.villadisotto.it\/?s={search_term_string}"},"query-input":{"@type":"PropertyValueSpecification","valueRequired":true,"valueName":"search_term_string"}}],"inLanguage":"de"}]}},"_links":{"self":[{"href":"https:\/\/www.villadisotto.it\/de\/wp-json\/wp\/v2\/project\/13492","targetHints":{"allow":["GET"]}}],"collection":[{"href":"https:\/\/www.villadisotto.it\/de\/wp-json\/wp\/v2\/project"}],"about":[{"href":"https:\/\/www.villadisotto.it\/de\/wp-json\/wp\/v2\/types\/project"}],"author":[{"embeddable":true,"href":"https:\/\/www.villadisotto.it\/de\/wp-json\/wp\/v2\/users\/3"}],"replies":[{"embeddable":true,"href":"https:\/\/www.villadisotto.it\/de\/wp-json\/wp\/v2\/comments?post=13492"}],"version-history":[{"count":12,"href":"https:\/\/www.villadisotto.it\/de\/wp-json\/wp\/v2\/project\/13492\/revisions"}],"predecessor-version":[{"id":13504,"href":"https:\/\/www.villadisotto.it\/de\/wp-json\/wp\/v2\/project\/13492\/revisions\/13504"}],"wp:featuredmedia":[{"embeddable":true,"href":"https:\/\/www.villadisotto.it\/de\/wp-json\/wp\/v2\/media\/11481"}],"wp:attachment":[{"href":"https:\/\/www.villadisotto.it\/de\/wp-json\/wp\/v2\/media?parent=13492"}],"wp:term":[{"taxonomy":"project_category","embeddable":true,"href":"https:\/\/www.villadisotto.it\/de\/wp-json\/wp\/v2\/project_category?post=13492"},{"taxonomy":"project_tag","embeddable":true,"href":"https:\/\/www.villadisotto.it\/de\/wp-json\/wp\/v2\/project_tag?post=13492"}],"curies":[{"name":"wp","href":"https:\/\/api.w.org\/{rel}","templated":true}]}}

<p>[et_pb_section fb_built="1" custom_padding_last_edited="on|phone" _builder_version="4.7.4" background_image="https://www.villadisotto.it/wp-content/uploads/2020/12/elsa-ultima.jpg" custom_padding="306px|0px|306px|0px|true|false" custom_padding_tablet="" custom_padding_phone="150px||150px||true"][/et_pb_section][et_pb_section fb_built="1" _builder_version="3.22.3" custom_padding="25px|0px|44px|0px|false|false"][et_pb_row _builder_version="3.25" background_size="initial" background_position="top_left" background_repeat="repeat" custom_margin="-1px|auto||auto||" custom_padding="||11px|||"][et_pb_column type="4_4" _builder_version="3.25" custom_padding="|||" custom_padding__hover="|||"][et_pb_text _builder_version="4.7.4" header_font="Petit Formal Script|700|||||||" header_font_size="40px" header_line_height="1.4em" header_2_font="Petit Formal Script|700|||||||" header_2_font_size="30px" custom_margin="||9px|||" custom_padding="18px||0px|||"]</p>
<h2 style="text-align: center">Val d'Elsa und San Gimignano</h2>
<h2 style="text-align: center"></h2>
<p>[/et_pb_text][et_pb_text _builder_version="4.7.4" text_font="||||||||" text_font_size="16px" text_line_height="2em" header_font="Petit Formal Script|700|||||||" header_font_size="35px" header_line_height="1.5em" header_2_font="Petit Formal Script|700|||||||" header_3_font="||||||||" header_4_font="||||||||" header_4_text_align="left" header_4_text_color="#000000" header_4_font_size="19px" header_4_line_height="1.7em" background_size="initial" background_position="top_left" background_repeat="repeat" custom_margin="||2px|||" header_font_size_tablet="" header_font_size_phone="25px" header_font_size_last_edited="on|phone"]</p>
<p style="text-align: center">In der folgenden Reiseroute finden Sie alles, was Sie über Val d'Elsa und San Gimignano wissen müssen. Von Villa di Sotto aus gelangen Sie auf die Hauptstraße, biegen links ab, nach 3 km wieder links nach San Felice, weiter nach Castello di Bossi. An der ersten Kreuzung biegen Sie rechts ab und an der zweiten Kreuzung biegen Sie links ab. Nach ca. 8 km nehmen Sie die Superstrada nach Siena in Richtung Florenz und fahren bei Monteriggioni ab. </p>
<p>[/et_pb_text][/et_pb_column][/et_pb_row][/et_pb_section][et_pb_section fb_built="1" _builder_version="3.29.3" background_color="#f7f7f7" min_height="1416px" custom_padding="40px||0px||false|false"][et_pb_row use_custom_gutter="on" gutter_width="2" _builder_version="3.29.3" max_width="1150px" width__hover_enabled="on|desktop"][et_pb_column type="4_4" _builder_version="3.29.3"][et_pb_blog fullwidth="off" posts_number="20" include_categories="83" use_manual_excerpt="off" excerpt_length="0" show_author="off" show_date="off" show_categories="off" show_excerpt="off" show_pagination="off" use_overlay="on" hover_overlay_color="rgba(51,51,51,0.64)" _builder_version="4.8.2" header_font="|600|on||||||" header_text_align="center" header_font_size="18px" custom_padding="||||false|false" hover_enabled="0" sticky_enabled="0"][/et_pb_blog][/et_pb_column][/et_pb_row][/et_pb_section]</p>

<p>Val d'Elsa und San Gimignano In der folgenden Reiseroute finden Sie alles, was Sie über Val d'Elsa und San Gimignano wissen müssen. Von Villa di Sotto aus gelangen Sie auf die Hauptstraße, biegen links ab, nach 3 km wieder links nach San Felice, weiter nach Castello di Bossi. An der ersten Kreuzung biegen Sie rechts [&hellip;]</p>

<!-- This site is optimized with the Yoast SEO plugin v27.4 - https://yoast.com/product/yoast-seo-wordpress/ -->
<title>Val d&#039;Elsa und San Gimignano - Bed and Breakfast Villa di Sotto</title>
<meta name="description" content="Val d&#039;Elsa und San Gimignano | In der folgenden Reiseroute finden Sie alles, was Sie über Val d&#039;Elsa und San Gimignano wissen müssen..." />
<meta name="robots" content="index, follow, max-snippet:-1, max-image-preview:large, max-video-preview:-1" />
<link rel="canonical" href="https://www.villadisotto.it/de/project/val-delsa-und-san-gimignano/" />
<meta property="og:locale" content="de_DE" />
<meta property="og:type" content="article" />
<meta property="og:title" content="Val d&#039;Elsa und San Gimignano - Bed and Breakfast Villa di Sotto" />
<meta property="og:description" content="Val d&#039;Elsa und San Gimignano | In der folgenden Reiseroute finden Sie alles, was Sie über Val d&#039;Elsa und San Gimignano wissen müssen..." />
<meta property="og:url" content="https://www.villadisotto.it/de/project/val-delsa-und-san-gimignano/" />
<meta property="og:site_name" content="Villa di Sotto" />
<meta property="article:modified_time" content="2021-02-19T09:26:10+00:00" />
<meta property="og:image" content="https://www.villadisotto.it/wp-content/uploads/2020/12/elsa-ultima.jpg" />
	<meta property="og:image:width" content="1280" />
	<meta property="og:image:height" content="746" />
	<meta property="og:image:type" content="image/jpeg" />
<meta name="twitter:card" content="summary_large_image" />
<meta name="twitter:label1" content="Geschätzte Lesezeit" />
	<meta name="twitter:data1" content="2 Minuten" />
<script type="application/ld+json" class="yoast-schema-graph">{"@context":"https:\/\/schema.org","@graph":[{"@type":"WebPage","@id":"https:\/\/www.villadisotto.it\/de\/project\/val-delsa-und-san-gimignano\/","url":"https:\/\/www.villadisotto.it\/de\/project\/val-delsa-und-san-gimignano\/","name":"Val d'Elsa und San Gimignano - Bed and Breakfast Villa di Sotto","isPartOf":{"@id":"https:\/\/www.villadisotto.it\/#website"},"primaryImageOfPage":{"@id":"https:\/\/www.villadisotto.it\/de\/project\/val-delsa-und-san-gimignano\/#primaryimage"},"image":{"@id":"https:\/\/www.villadisotto.it\/de\/project\/val-delsa-und-san-gimignano\/#primaryimage"},"thumbnailUrl":"https:\/\/www.villadisotto.it\/wp-content\/uploads\/2020\/12\/elsa-ultima.jpg","datePublished":"2021-02-19T09:26:02+00:00","dateModified":"2021-02-19T09:26:10+00:00","description":"Val d'Elsa und San Gimignano | In der folgenden Reiseroute finden Sie alles, was Sie über Val d'Elsa und San Gimignano wissen müssen...","breadcrumb":{"@id":"https:\/\/www.villadisotto.it\/de\/project\/val-delsa-und-san-gimignano\/#breadcrumb"},"inLanguage":"de","potentialAction":[{"@type":"ReadAction","target":["https:\/\/www.villadisotto.it\/de\/project\/val-delsa-und-san-gimignano\/"]}]},{"@type":"ImageObject","inLanguage":"de","@id":"https:\/\/www.villadisotto.it\/de\/project\/val-delsa-und-san-gimignano\/#primaryimage","url":"https:\/\/www.villadisotto.it\/wp-content\/uploads\/2020\/12\/elsa-ultima.jpg","contentUrl":"https:\/\/www.villadisotto.it\/wp-content\/uploads\/2020\/12\/elsa-ultima.jpg","width":1280,"height":746,"caption":"Val d'Elsa und San Gimignano - Villa di Sotto"},{"@type":"BreadcrumbList","@id":"https:\/\/www.villadisotto.it\/de\/project\/val-delsa-und-san-gimignano\/#breadcrumb","itemListElement":[{"@type":"ListItem","position":1,"name":"Home","item":"https:\/\/www.villadisotto.it\/"},{"@type":"ListItem","position":2,"name":"Projects","item":"https:\/\/www.villadisotto.it\/en\/project\/"},{"@type":"ListItem","position":3,"name":"Val d'Elsa und San Gimignano"}]},{"@type":"WebSite","@id":"https:\/\/www.villadisotto.it\/#website","url":"https:\/\/www.villadisotto.it\/","name":"Villa di Sotto","description":"Il cuore del Chianti","potentialAction":[{"@type":"SearchAction","target":{"@type":"EntryPoint","urlTemplate":"https:\/\/www.villadisotto.it\/?s={search_term_string}"},"query-input":{"@type":"PropertyValueSpecification","valueRequired":true,"valueName":"search_term_string"}}],"inLanguage":"de"}]}</script>
<!-- / Yoast SEO plugin. -->

Val d'Elsa und San Gimignano | In der folgenden Reiseroute finden Sie alles, was Sie über Val d'Elsa und San Gimignano wissen müssen...
